{"id":9545,"date":"2025-03-13T11:22:13","date_gmt":"2025-03-13T10:22:13","guid":{"rendered":"https:\/\/www.elspagesos.com\/?post_type=event&#038;p=9545"},"modified":"2025-03-13T11:24:14","modified_gmt":"2025-03-13T10:24:14","slug":"xiv-setmana-de-la-poesia-descopir-cendra-i-pols-amb-david-cano-i-gisela-arimany","status":"publish","type":"event","link":"https:\/\/www.elspagesos.com\/es\/agenda\/xiv-setmana-de-la-poesia-descopir-cendra-i-pols-amb-david-cano-i-gisela-arimany\/","title":{"rendered":"XIV SETMANA DE LA POESIA: \u00abD&#8217;escopir cendra i pols\u00bb, amb David Ca\u00f1o i Gisela Arimany"},"content":{"rendered":"\t\t<div data-elementor-type=\"wp-post\" data-elementor-id=\"9545\" class=\"elementor elementor-9545 elementor-9544\" data-elementor-post-type=\"event\">\n\t\t\t\t<div class=\"elementor-element elementor-element-2a04679 e-flex e-con-boxed e-con e-parent\" data-id=\"2a04679\" data-element_type=\"container\" data-e-type=\"container\">\r\n\t\t\t\t\t<div class=\"e-con-inner\">\r\n\t\t<div class=\"elementor-element elementor-element-7132cda e-con-full e-flex e-con e-child\" data-id=\"7132cda\" data-element_type=\"container\" data-e-type=\"container\">\r\n\t\t\t\t<div class=\"elementor-element elementor-element-1577220 elementor-widget elementor-widget-image\" data-id=\"1577220\" data-element_type=\"widget\" data-e-type=\"widget\" data-widget_type=\"image.default\">\n\t\t\t\t<div class=\"elementor-widget-container\">\n\t\t\t\t\t\t\t\t\t\t\t\t\t\t\t<img fetchpriority=\"high\" decoding=\"async\" width=\"724\" height=\"1024\" src=\"https:\/\/www.elspagesos.com\/wp-content\/uploads\/2025\/03\/001-POSTERS-2025-sp-22-724x1024.jpg\" class=\"attachment-large size-large wp-image-9506\" alt=\"\" srcset=\"https:\/\/www.elspagesos.com\/wp-content\/uploads\/2025\/03\/001-POSTERS-2025-sp-22-724x1024.jpg 724w, https:\/\/www.elspagesos.com\/wp-content\/uploads\/2025\/03\/001-POSTERS-2025-sp-22-640x905.jpg 640w, https:\/\/www.elspagesos.com\/wp-content\/uploads\/2025\/03\/001-POSTERS-2025-sp-22-400x566.jpg 400w\" sizes=\"(max-width: 724px) 100vw, 724px\" \/>\t\t\t\t\t\t\t\t\t\t\t\t\t\t\t<\/div>\n\t\t\t\t<\/div>\n\t\t\t\t<\/div>\n\t\t<div class=\"elementor-element elementor-element-f1eb495 e-con-full e-flex e-con e-child\" data-id=\"f1eb495\" data-element_type=\"container\" data-e-type=\"container\">\r\n\t\t\t\t<div class=\"elementor-element elementor-element-ff5435d elementor-widget elementor-widget-text-editor\" data-id=\"ff5435d\" data-element_type=\"widget\" data-e-type=\"widget\" data-widget_type=\"text-editor.default\">\n\t\t\t\t<div class=\"elementor-widget-container\">\n\t\t\t\t\t\t\t\t\t<p>La\u00a0Setmana de la Poesia\u00a0torna a Sant Feliu\u00a0i ho fa celebrant la seva catorzena edici\u00f3, que omplir\u00e0 de l\u00edrica la ciutat\u00a0entre el 14 i el 23 de mar\u00e7\u00a0amb m\u00e9s d&#8217;una vintena de propostes entre recitals, espectacles, concerts, performances i exposicions, on la poesia ser\u00e0 l&#8217;eix vertebrador.<\/p><p>L&#8217;acte d&#8217;inauguraci\u00f3 de la XIV Setmana de la Poesia\u00a0ser\u00e0 el\u00a0<strong>divendres 14 de mar\u00e7<\/strong>, a les 20h, a l&#8217;Auditori del Palau Falguera, amb un concert ac\u00fastic de Roger Mas. A partir d\u2019aqu\u00ed, podreu passejar per la ciutat de d\u2019espectacle en espectacle.<\/p><p>A casa nostra acollirem els seg\u00fcents actes:<\/p><p>El <strong>dissabte 15 a les 18,30h<\/strong>, el concert Sant Feliu Sona!, amb Alejandro Santerv\u00e1s i el seu \u00abTributo a Vania\u00bb, Primog\u00e9nito L\u00f3pez i La Estrella de David.<\/p><p>El\u00a0<strong>dijous 20 a les 19h<\/strong>, el concert \u00abEspurnes\u00bb, de Dani Barald\u00e9s, Morti i Carla Ricart.<\/p><p>El <strong>divendres 21 a les 18,30h<\/strong>, el recital \u201cPoetesses del Baix Llobregat\u201d, amb Mi\u0301riam Cano, Paula S. Piedad, Irene Go\u0301mez i Sara Cabrera; i l\u2019espectacle de flamenc \u201cCon alma\u201d, amb la cantant Irene Ribas, el guitarrista O\u0301scar Soriano i la bailaora Betiana Barros.<\/p><p>El\u00a0<strong>dissabte 22\u00a0a les 19h<\/strong>, el recital \u00abD&#8217;escopir cendra i pols\u00bb, a c\u00e0rrec de David Ca\u00f1o i Gisela Arimany.<\/p><p>Consulta tota la programaci\u00f3,\u00a0<a href=\"https:\/\/www.santfeliu.cat\/documents\/98d034ac-affb-47be-a9e2-f5a58815a17e\/Programa_Setmana_de_la_Poesia_2025.pdf\"><strong>aqu\u00ed.<\/strong><\/a><\/p>\t\t\t\t\t\t\t\t<\/div>\n\t\t\t\t<\/div>\n\t\t\t\t<\/div>\n\t\t<div class=\"elementor-element elementor-element-ad81525 e-con-full e-flex e-con e-child\" data-id=\"ad81525\" data-element_type=\"container\" data-e-type=\"container\">\r\n\t\t\t\t<div class=\"elementor-element elementor-element-c913c68 elementor-widget elementor-widget-video\" data-id=\"c913c68\" data-element_type=\"widget\" data-e-type=\"widget\" data-settings=\"{&quot;youtube_url&quot;:&quot;https:\\\/\\\/www.youtube.com\\\/watch?v=APs0F7kY_eQ&quot;,&quot;video_type&quot;:&quot;youtube&quot;,&quot;controls&quot;:&quot;yes&quot;}\" data-widget_type=\"video.default\">\n\t\t\t\t<div class=\"elementor-widget-container\">\n\t\t\t\t\t\t\t<div class=\"elementor-wrapper elementor-open-inline\">\n\t\t\t<div class=\"elementor-video\"><\/div>\t\t<\/div>\n\t\t\t\t\t\t<\/div>\n\t\t\t\t<\/div>\n\t\t\t\t<\/div>\n\t\t\t\t\t<\/div>\n\t\t\t\t<\/div>\n\t\t\t\t<\/div>\n\t\t","protected":false},"excerpt":{"rendered":"<p>La\u00a0Setmana de la Poesia\u00a0torna a Sant Feliu\u00a0i ho fa celebrant la seva catorzena edici\u00f3, que omplir\u00e0 de l\u00edrica la ciutat\u00a0entre el 14 i el 23 de mar\u00e7\u00a0amb m\u00e9s d&#8217;una vintena de propostes entre recitals, espectacles, concerts, performances i exposicions, on la poesia ser\u00e0 l&#8217;eix vertebrador. L&#8217;acte d&#8217;inauguraci\u00f3 de la XIV Setmana de la Poesia\u00a0ser\u00e0 el\u00a0divendres [&hellip;]<\/p>\n","protected":false},"featured_media":9507,"menu_order":0,"template":"","class_list":["post-9545","event","type-event","status-publish","has-post-thumbnail","hentry"],"aioseo_notices":[],"_links":{"self":[{"href":"https:\/\/www.elspagesos.com\/es\/wp-json\/wp\/v2\/event\/9545","targetHints":{"allow":["GET"]}}],"collection":[{"href":"https:\/\/www.elspagesos.com\/es\/wp-json\/wp\/v2\/event"}],"about":[{"href":"https:\/\/www.elspagesos.com\/es\/wp-json\/wp\/v2\/types\/event"}],"version-history":[{"count":4,"href":"https:\/\/www.elspagesos.com\/es\/wp-json\/wp\/v2\/event\/9545\/revisions"}],"predecessor-version":[{"id":9552,"href":"https:\/\/www.elspagesos.com\/es\/wp-json\/wp\/v2\/event\/9545\/revisions\/9552"}],"wp:featuredmedia":[{"embeddable":true,"href":"https:\/\/www.elspagesos.com\/es\/wp-json\/wp\/v2\/media\/9507"}],"wp:attachment":[{"href":"https:\/\/www.elspagesos.com\/es\/wp-json\/wp\/v2\/media?parent=9545"}],"curies":[{"name":"wp","href":"https:\/\/api.w.org\/{rel}","templated":true}]}}

XIV SETMANA DE LA POESIA: «D&#8217;escopir cendra i pols», amb David Caño i Gisela Arimany

<div data-elementor-type="wp-post" data-elementor-id="9545" class="elementor elementor-9545 elementor-9544" data-elementor-post-type="event">
				<div class="elementor-element elementor-element-2a04679 e-flex e-con-boxed e-con e-parent" data-id="2a04679" data-element_type="container" data-e-type="container">
					<div class="e-con-inner">
		<div class="elementor-element elementor-element-7132cda e-con-full e-flex e-con e-child" data-id="7132cda" data-element_type="container" data-e-type="container">
				<div class="elementor-element elementor-element-1577220 elementor-widget elementor-widget-image" data-id="1577220" data-element_type="widget" data-e-type="widget" data-widget_type="image.default">
				<div class="elementor-widget-container">
															<img fetchpriority="high" decoding="async" width="724" height="1024" src="https://www.elspagesos.com/wp-content/uploads/2025/03/001-POSTERS-2025-sp-22-724x1024.jpg" class="attachment-large size-large wp-image-9506" alt="" srcset="https://www.elspagesos.com/wp-content/uploads/2025/03/001-POSTERS-2025-sp-22-724x1024.jpg 724w, https://www.elspagesos.com/wp-content/uploads/2025/03/001-POSTERS-2025-sp-22-640x905.jpg 640w, https://www.elspagesos.com/wp-content/uploads/2025/03/001-POSTERS-2025-sp-22-400x566.jpg 400w" sizes="(max-width: 724px) 100vw, 724px" />															</div>
				</div>
				</div>
		<div class="elementor-element elementor-element-f1eb495 e-con-full e-flex e-con e-child" data-id="f1eb495" data-element_type="container" data-e-type="container">
				<div class="elementor-element elementor-element-ff5435d elementor-widget elementor-widget-text-editor" data-id="ff5435d" data-element_type="widget" data-e-type="widget" data-widget_type="text-editor.default">
				<div class="elementor-widget-container">
									<p>La Setmana de la Poesia torna a Sant Feliu i ho fa celebrant la seva catorzena edició, que omplirà de lírica la ciutat entre el 14 i el 23 de març amb més d&#8217;una vintena de propostes entre recitals, espectacles, concerts, performances i exposicions, on la poesia serà l&#8217;eix vertebrador.</p><p>L&#8217;acte d&#8217;inauguració de la XIV Setmana de la Poesia serà el <strong>divendres 14 de març</strong>, a les 20h, a l&#8217;Auditori del Palau Falguera, amb un concert acústic de Roger Mas. A partir d’aquí, podreu passejar per la ciutat de d’espectacle en espectacle.</p><p>A casa nostra acollirem els següents actes:</p><p>El <strong>dissabte 15 a les 18,30h</strong>, el concert Sant Feliu Sona!, amb Alejandro Santervás i el seu «Tributo a Vania», Primogénito López i La Estrella de David.</p><p>El <strong>dijous 20 a les 19h</strong>, el concert «Espurnes», de Dani Baraldés, Morti i Carla Ricart.</p><p>El <strong>divendres 21 a les 18,30h</strong>, el recital “Poetesses del Baix Llobregat”, amb Míriam Cano, Paula S. Piedad, Irene Gómez i Sara Cabrera; i l’espectacle de flamenc “Con alma”, amb la cantant Irene Ribas, el guitarrista Óscar Soriano i la bailaora Betiana Barros.</p><p>El <strong>dissabte 22 a les 19h</strong>, el recital «D&#8217;escopir cendra i pols», a càrrec de David Caño i Gisela Arimany.</p><p>Consulta tota la programació, <a href="https://www.santfeliu.cat/documents/98d034ac-affb-47be-a9e2-f5a58815a17e/Programa_Setmana_de_la_Poesia_2025.pdf"><strong>aquí.</strong></a></p>								</div>
				</div>
				</div>
		<div class="elementor-element elementor-element-ad81525 e-con-full e-flex e-con e-child" data-id="ad81525" data-element_type="container" data-e-type="container">
				<div class="elementor-element elementor-element-c913c68 elementor-widget elementor-widget-video" data-id="c913c68" data-element_type="widget" data-e-type="widget" data-settings="{&quot;youtube_url&quot;:&quot;https:\/\/www.youtube.com\/watch?v=APs0F7kY_eQ&quot;,&quot;video_type&quot;:&quot;youtube&quot;,&quot;controls&quot;:&quot;yes&quot;}" data-widget_type="video.default">
				<div class="elementor-widget-container">
							<div class="elementor-wrapper elementor-open-inline">
			<div class="elementor-video"></div>		</div>
						</div>
				</div>
				</div>
					</div>
				</div>
				</div>

<p>La Setmana de la Poesia torna a Sant Feliu i ho fa celebrant la seva catorzena edició, que omplirà de lírica la ciutat entre el 14 i el 23 de març amb més d&#8217;una vintena de propostes entre recitals, espectacles, concerts, performances i exposicions, on la poesia serà l&#8217;eix vertebrador. L&#8217;acte d&#8217;inauguració de la XIV Setmana de la Poesia serà el divendres [&hellip;]</p>
