{"id":8359,"date":"2024-04-09T12:24:39","date_gmt":"2024-04-09T10:24:39","guid":{"rendered":"https:\/\/www.elspagesos.com\/agenda\/la-revolta-xerrada-el-menjar-canvia-el-mon\/"},"modified":"2024-04-09T12:25:51","modified_gmt":"2024-04-09T10:25:51","slug":"la-revolta-xerrada-el-menjar-canvia-el-mon","status":"publish","type":"event","link":"https:\/\/www.elspagesos.com\/es\/agenda\/la-revolta-xerrada-el-menjar-canvia-el-mon\/","title":{"rendered":"LA REVOLTA: XERRADA \u00abEL MENJAR CANVIA EL M\u00d3N\u00bb"},"content":{"rendered":"\t\t<div data-elementor-type=\"wp-post\" data-elementor-id=\"8359\" class=\"elementor elementor-8359 elementor-8344\" data-elementor-post-type=\"event\">\n\t\t\t\t<div class=\"elementor-element elementor-element-2a04679 e-flex e-con-boxed e-con e-parent\" data-id=\"2a04679\" data-element_type=\"container\" data-e-type=\"container\">\r\n\t\t\t\t\t<div class=\"e-con-inner\">\r\n\t\t<div class=\"elementor-element elementor-element-7132cda e-con-full e-flex e-con e-child\" data-id=\"7132cda\" data-element_type=\"container\" data-e-type=\"container\">\r\n\t\t\t\t<div class=\"elementor-element elementor-element-1577220 elementor-widget elementor-widget-image\" data-id=\"1577220\" data-element_type=\"widget\" data-e-type=\"widget\" data-widget_type=\"image.default\">\n\t\t\t\t<div class=\"elementor-widget-container\">\n\t\t\t\t\t\t\t\t\t\t\t\t\t\t\t<img fetchpriority=\"high\" decoding=\"async\" width=\"724\" height=\"1024\" src=\"https:\/\/www.elspagesos.com\/wp-content\/uploads\/2024\/04\/Cartell_Xerrada_Fundesplai-724x1024.jpg\" class=\"attachment-large size-large wp-image-8356\" alt=\"\" srcset=\"https:\/\/www.elspagesos.com\/wp-content\/uploads\/2024\/04\/Cartell_Xerrada_Fundesplai-724x1024.jpg 724w, https:\/\/www.elspagesos.com\/wp-content\/uploads\/2024\/04\/Cartell_Xerrada_Fundesplai-640x905.jpg 640w, https:\/\/www.elspagesos.com\/wp-content\/uploads\/2024\/04\/Cartell_Xerrada_Fundesplai-400x566.jpg 400w\" sizes=\"(max-width: 724px) 100vw, 724px\" \/>\t\t\t\t\t\t\t\t\t\t\t\t\t\t\t<\/div>\n\t\t\t\t<\/div>\n\t\t\t\t<\/div>\n\t\t<div class=\"elementor-element elementor-element-f1eb495 e-con-full e-flex e-con e-child\" data-id=\"f1eb495\" data-element_type=\"container\" data-e-type=\"container\">\r\n\t\t\t\t<div class=\"elementor-element elementor-element-ff5435d elementor-widget elementor-widget-text-editor\" data-id=\"ff5435d\" data-element_type=\"widget\" data-e-type=\"widget\" data-widget_type=\"text-editor.default\">\n\t\t\t\t<div class=\"elementor-widget-container\">\n\t\t\t\t\t\t\t\t\t<p>L&#8217;alimentaci\u00f3 \u00e9s essencial en el nostre dia a dia, per\u00f2 som conscients de com EL MENJAR CANVIA EL M\u00d3N? <br \/><br \/>L\u2019organitzaci\u00f3 La Revolta i El Rebost ens apropen el projecte \u201cMENJA, ACTUA, IMPACTA\u201d amb una xerrada que ens proposa descobrir els efectes de la nostra manera de menjar i de les oportunitats per millorar el nostre sistema alimentari actual.<\/p><p><br \/>Tot aix\u00f2, relacionant la crisi clim\u00e0tica que vivim i el paper que el menjar desenvolupa en la sostenibilitat ambiental com l\u2019impacte a l\u2019agricultura, els problemes de l\u2019aigua o el malbaratament d\u2019aliments.<\/p>\t\t\t\t\t\t\t\t<\/div>\n\t\t\t\t<\/div>\n\t\t\t\t<\/div>\n\t\t<div class=\"elementor-element elementor-element-ad81525 e-con-full e-flex e-con e-child\" data-id=\"ad81525\" data-element_type=\"container\" data-e-type=\"container\">\r\n\t\t\t\t<\/div>\n\t\t\t\t\t<\/div>\n\t\t\t\t<\/div>\n\t\t\t\t<\/div>\n\t\t","protected":false},"excerpt":{"rendered":"<p>L&#8217;alimentaci\u00f3 \u00e9s essencial en el nostre dia a dia, per\u00f2 som conscients de com EL MENJAR CANVIA EL M\u00d3N? L\u2019organitzaci\u00f3 La Revolta i El Rebost ens apropen el projecte \u201cMENJA, ACTUA, IMPACTA\u201d amb una xerrada que ens proposa descobrir els efectes de la nostra manera de menjar i de les oportunitats per millorar el nostre [&hellip;]<\/p>\n","protected":false},"featured_media":8357,"menu_order":0,"template":"","class_list":["post-8359","event","type-event","status-publish","has-post-thumbnail","hentry"],"aioseo_notices":[],"_links":{"self":[{"href":"https:\/\/www.elspagesos.com\/es\/wp-json\/wp\/v2\/event\/8359","targetHints":{"allow":["GET"]}}],"collection":[{"href":"https:\/\/www.elspagesos.com\/es\/wp-json\/wp\/v2\/event"}],"about":[{"href":"https:\/\/www.elspagesos.com\/es\/wp-json\/wp\/v2\/types\/event"}],"version-history":[{"count":3,"href":"https:\/\/www.elspagesos.com\/es\/wp-json\/wp\/v2\/event\/8359\/revisions"}],"predecessor-version":[{"id":8364,"href":"https:\/\/www.elspagesos.com\/es\/wp-json\/wp\/v2\/event\/8359\/revisions\/8364"}],"wp:featuredmedia":[{"embeddable":true,"href":"https:\/\/www.elspagesos.com\/es\/wp-json\/wp\/v2\/media\/8357"}],"wp:attachment":[{"href":"https:\/\/www.elspagesos.com\/es\/wp-json\/wp\/v2\/media?parent=8359"}],"curies":[{"name":"wp","href":"https:\/\/api.w.org\/{rel}","templated":true}]}}

LA REVOLTA: XERRADA «EL MENJAR CANVIA EL MÓN»

<div data-elementor-type="wp-post" data-elementor-id="8359" class="elementor elementor-8359 elementor-8344" data-elementor-post-type="event">
				<div class="elementor-element elementor-element-2a04679 e-flex e-con-boxed e-con e-parent" data-id="2a04679" data-element_type="container" data-e-type="container">
					<div class="e-con-inner">
		<div class="elementor-element elementor-element-7132cda e-con-full e-flex e-con e-child" data-id="7132cda" data-element_type="container" data-e-type="container">
				<div class="elementor-element elementor-element-1577220 elementor-widget elementor-widget-image" data-id="1577220" data-element_type="widget" data-e-type="widget" data-widget_type="image.default">
				<div class="elementor-widget-container">
															<img fetchpriority="high" decoding="async" width="724" height="1024" src="https://www.elspagesos.com/wp-content/uploads/2024/04/Cartell_Xerrada_Fundesplai-724x1024.jpg" class="attachment-large size-large wp-image-8356" alt="" srcset="https://www.elspagesos.com/wp-content/uploads/2024/04/Cartell_Xerrada_Fundesplai-724x1024.jpg 724w, https://www.elspagesos.com/wp-content/uploads/2024/04/Cartell_Xerrada_Fundesplai-640x905.jpg 640w, https://www.elspagesos.com/wp-content/uploads/2024/04/Cartell_Xerrada_Fundesplai-400x566.jpg 400w" sizes="(max-width: 724px) 100vw, 724px" />															</div>
				</div>
				</div>
		<div class="elementor-element elementor-element-f1eb495 e-con-full e-flex e-con e-child" data-id="f1eb495" data-element_type="container" data-e-type="container">
				<div class="elementor-element elementor-element-ff5435d elementor-widget elementor-widget-text-editor" data-id="ff5435d" data-element_type="widget" data-e-type="widget" data-widget_type="text-editor.default">
				<div class="elementor-widget-container">
									<p>L&#8217;alimentació és essencial en el nostre dia a dia, però som conscients de com EL MENJAR CANVIA EL MÓN? <br /><br />L’organització La Revolta i El Rebost ens apropen el projecte “MENJA, ACTUA, IMPACTA” amb una xerrada que ens proposa descobrir els efectes de la nostra manera de menjar i de les oportunitats per millorar el nostre sistema alimentari actual.</p><p><br />Tot això, relacionant la crisi climàtica que vivim i el paper que el menjar desenvolupa en la sostenibilitat ambiental com l’impacte a l’agricultura, els problemes de l’aigua o el malbaratament d’aliments.</p>								</div>
				</div>
				</div>
		<div class="elementor-element elementor-element-ad81525 e-con-full e-flex e-con e-child" data-id="ad81525" data-element_type="container" data-e-type="container">
				</div>
					</div>
				</div>
				</div>

<p>L&#8217;alimentació és essencial en el nostre dia a dia, però som conscients de com EL MENJAR CANVIA EL MÓN? L’organització La Revolta i El Rebost ens apropen el projecte “MENJA, ACTUA, IMPACTA” amb una xerrada que ens proposa descobrir els efectes de la nostra manera de menjar i de les oportunitats per millorar el nostre [&hellip;]</p>
