{"id":5326,"date":"2023-10-09T17:07:45","date_gmt":"2023-10-09T15:07:45","guid":{"rendered":"https:\/\/www.elspagesos.com\/event\/presentacion-del-poemari-marti-dot-2015-con-maria-arnal-marcel-bages\/"},"modified":"2023-10-09T17:08:13","modified_gmt":"2023-10-09T15:08:13","slug":"presentacion-del-poemari-marti-dot-2015-con-maria-arnal-marcel-bages","status":"publish","type":"event","link":"https:\/\/www.elspagesos.com\/es\/agenda\/presentacion-del-poemari-marti-dot-2015-con-maria-arnal-marcel-bages\/","title":{"rendered":"PRESENTACI\u00d3N DEL POEMARI MART\u00cd DOT 2015 CON MARIA ARNAL &#038; MARCEL BAG\u00c9S"},"content":{"rendered":"<p><img decoding=\"async\" src=\"\/\/www.elspagesos.com\/wp-content\/uploads\/2023\/10\/flyer_309.jpg\" alt=\"PRESENTACI\u00d3N DEL POEMARI MART\u00cd DOT 2015 CON MARIA ARNAL &#038; MARCEL BAG\u00c9S\" \/><\/p>\n<div>\n<p>\n\tTraieu l&#39;agenda, aquest dijous teniu una cita IM-PER-DI-BLE:<\/p>\n<p>\n\t<br \/>\n\tPresentaci&oacute; d&#39;<strong>AFONIA<\/strong> de N&uacute;ria Dom&egrave;nech, el poemari guanyador del <strong>Premi Mart&iacute; Dot de Poesia<\/strong> <strong>2015<\/strong> amb la pres&egrave;ncia de <em>David Castillo<\/em>, de la mateixa <em>N&uacute;ria Dom&egrave;nech<\/em> recitant amb <em>Mari Mu&ntilde;oz<\/em> al piano, i amb el concert especial de <a href=\"https:\/\/mariaarnalimarcelbages.bandcamp.com\"><strong>Maria Arnal i Marcel Bag&eacute;s.<\/strong><\/a><\/p>\n<p>\n\tA les 20,30h amb entrada lliure.<\/p>\n<\/div>\n<p><iframe width=\"552\" height=\"311\" src=\"https:\/\/www.youtube.com\/embed\/4mxjLm-mvN0\" frameborder=\"0\" allowfullscreen><\/iframe><\/p>\n","protected":false},"excerpt":{"rendered":"<p>Traieu l&#39;agenda, aquest dijous teniu una cita IM-PER-DI-BLE: Presentaci&oacute; d&#39;AFONIA de N&uacute;ria Dom&egrave;nech, el poemari guanyador del Premi Mart&iacute; Dot de Poesia 2015 amb la pres&egrave;ncia de David Castillo, de la mateixa N&uacute;ria Dom&egrave;nech recitant amb Mari Mu&ntilde;oz al piano, i amb el concert especial de Maria Arnal i Marcel Bag&eacute;s. A les 20,30h amb [&hellip;]<\/p>\n","protected":false},"featured_media":1097,"menu_order":0,"template":"","class_list":["post-5326","event","type-event","status-publish","has-post-thumbnail","hentry"],"aioseo_notices":[],"_links":{"self":[{"href":"https:\/\/www.elspagesos.com\/es\/wp-json\/wp\/v2\/event\/5326","targetHints":{"allow":["GET"]}}],"collection":[{"href":"https:\/\/www.elspagesos.com\/es\/wp-json\/wp\/v2\/event"}],"about":[{"href":"https:\/\/www.elspagesos.com\/es\/wp-json\/wp\/v2\/types\/event"}],"version-history":[{"count":1,"href":"https:\/\/www.elspagesos.com\/es\/wp-json\/wp\/v2\/event\/5326\/revisions"}],"predecessor-version":[{"id":6345,"href":"https:\/\/www.elspagesos.com\/es\/wp-json\/wp\/v2\/event\/5326\/revisions\/6345"}],"wp:featuredmedia":[{"embeddable":true,"href":"https:\/\/www.elspagesos.com\/es\/wp-json\/wp\/v2\/media\/1097"}],"wp:attachment":[{"href":"https:\/\/www.elspagesos.com\/es\/wp-json\/wp\/v2\/media?parent=5326"}],"curies":[{"name":"wp","href":"https:\/\/api.w.org\/{rel}","templated":true}]}}

PRESENTACIÓN DEL POEMARI MARTÍ DOT 2015 CON MARIA ARNAL &#038; MARCEL BAGÉS

<p><img decoding="async" src="//www.elspagesos.com/wp-content/uploads/2023/10/flyer_309.jpg" alt="PRESENTACIÓN DEL POEMARI MARTÍ DOT 2015 CON MARIA ARNAL &#038; MARCEL BAGÉS" /></p>
<div>
<p>
	Traieu l&#39;agenda, aquest dijous teniu una cita IM-PER-DI-BLE:</p>
<p>
	<br />
	Presentaci&oacute; d&#39;<strong>AFONIA</strong> de N&uacute;ria Dom&egrave;nech, el poemari guanyador del <strong>Premi Mart&iacute; Dot de Poesia</strong> <strong>2015</strong> amb la pres&egrave;ncia de <em>David Castillo</em>, de la mateixa <em>N&uacute;ria Dom&egrave;nech</em> recitant amb <em>Mari Mu&ntilde;oz</em> al piano, i amb el concert especial de <a href="https://mariaarnalimarcelbages.bandcamp.com"><strong>Maria Arnal i Marcel Bag&eacute;s.</strong></a></p>
<p>
	A les 20,30h amb entrada lliure.</p>
</div>
<p><iframe width="552" height="311" src="https://www.youtube.com/embed/4mxjLm-mvN0" frameborder="0" allowfullscreen></iframe></p>
