{"id":5083,"date":"2023-10-09T17:05:25","date_gmt":"2023-10-09T15:05:25","guid":{"rendered":"https:\/\/www.elspagesos.com\/event\/jesass-garca%ef%bf%bda\/"},"modified":"2023-10-09T17:35:48","modified_gmt":"2023-10-09T15:35:48","slug":"jesus-garcia","status":"publish","type":"event","link":"https:\/\/www.elspagesos.com\/es\/agenda\/jesus-garcia\/","title":{"rendered":"JES\u00daS GARC\u00cdA"},"content":{"rendered":"<p><img decoding=\"async\" src=\"\/\/www.elspagesos.com\/wp-content\/uploads\/2023\/10\/flyer_50.jpg\" alt=\"JES\u00c3\u0161S GARC\u00c3\ufffdA\" \/><\/p>\n<div>\n<p>Siguiendo con la tradici\u00f3n, hoy jueves es la noche de los cantautores; y esta noche os presentamos a un jovenc\u00edsimo cantautor\u00a0de voz melosa: Jes\u00fas Garc\u00eda viene por primera vez a nuestra sala para ofrecernos covers de temas actuales.<\/p>\n<\/div>\n<p><iframe src=\"http:\/\/www.youtube.com\/embed\/2l6LUccyaJo\" width=\"552\" height=\"344\" frameborder=\"0\" allowfullscreen=\"allowfullscreen\"><\/iframe><\/p>\n","protected":false},"excerpt":{"rendered":"<p>Siguiendo con la tradici\u00f3n, hoy jueves es la noche de los cantautores; y esta noche os presentamos a un jovenc\u00edsimo cantautor\u00a0de voz melosa: Jes\u00fas Garc\u00eda viene por primera vez a nuestra sala para ofrecernos covers de temas actuales.<\/p>\n","protected":false},"featured_media":2030,"menu_order":0,"template":"","class_list":["post-5083","event","type-event","status-publish","has-post-thumbnail","hentry"],"aioseo_notices":[],"aioseo_head":"\n\t\t<!-- All in One SEO 5.0.0.1 - aioseo.com -->\n\t<meta name=\"description\" content=\"Siguiendo con la tradici\u00f3n, hoy jueves es la noche de los cantautores; y esta noche os presentamos a un jovenc\u00edsimo cantautor de voz melosa: Jes\u00fas Garc\u00eda viene por primera vez a nuestra sala para ofrecernos covers de temas actuales.\" \/>\n\t<meta name=\"robots\" content=\"max-image-preview:large\" \/>\n\t<link rel=\"canonical\" href=\"https:\/\/www.elspagesos.com\/es\/agenda\/jesus-garcia\/\" \/>\n\t<meta name=\"generator\" content=\"All in One SEO (AIOSEO) 5.0.0.1\" \/>\n\t\t<meta property=\"og:locale\" content=\"es_ES\" \/>\n\t\t<meta property=\"og:site_name\" content=\"Els pagesos -\" \/>\n\t\t<meta property=\"og:type\" content=\"article\" \/>\n\t\t<meta property=\"og:title\" content=\"JES\u00daS GARC\u00cdA - Els pagesos\" \/>\n\t\t<meta property=\"og:description\" content=\"Siguiendo con la tradici\u00f3n, hoy jueves es la noche de los cantautores; y esta noche os presentamos a un jovenc\u00edsimo cantautor de voz melosa: Jes\u00fas Garc\u00eda viene por primera vez a nuestra sala para ofrecernos covers de temas actuales.\" \/>\n\t\t<meta property=\"og:url\" content=\"https:\/\/www.elspagesos.com\/es\/agenda\/jesus-garcia\/\" \/>\n\t\t<meta property=\"article:published_time\" content=\"2023-10-09T15:05:25+00:00\" \/>\n\t\t<meta property=\"article:modified_time\" content=\"2023-10-09T15:35:48+00:00\" \/>\n\t\t<meta name=\"twitter:card\" content=\"summary_large_image\" \/>\n\t\t<meta name=\"twitter:title\" content=\"JES\u00daS GARC\u00cdA - Els pagesos\" \/>\n\t\t<meta name=\"twitter:description\" content=\"Siguiendo con la tradici\u00f3n, hoy jueves es la noche de los cantautores; y esta noche os presentamos a un jovenc\u00edsimo cantautor de voz melosa: Jes\u00fas Garc\u00eda viene por primera vez a nuestra sala para ofrecernos covers de temas actuales.\" \/>\n\t\t<script type=\"application\/ld+json\" class=\"aioseo-schema\">\n\t\t\t{\"@context\":\"https:\\\/\\\/schema.org\",\"@graph\":[{\"@type\":\"BreadcrumbList\",\"@id\":\"https:\\\/\\\/www.elspagesos.com\\\/es\\\/agenda\\\/jesus-garcia\\\/#breadcrumblist\",\"itemListElement\":[{\"@type\":\"ListItem\",\"@id\":\"https:\\\/\\\/www.elspagesos.com\\\/es\\\/#listItem\",\"position\":1,\"name\":\"Inicio\",\"item\":\"https:\\\/\\\/www.elspagesos.com\\\/es\\\/\",\"nextItem\":{\"@type\":\"ListItem\",\"@id\":\"https:\\\/\\\/www.elspagesos.com\\\/es\\\/agenda\\\/#listItem\",\"name\":\"Agenda\"}},{\"@type\":\"ListItem\",\"@id\":\"https:\\\/\\\/www.elspagesos.com\\\/es\\\/agenda\\\/#listItem\",\"position\":2,\"name\":\"Agenda\",\"item\":\"https:\\\/\\\/www.elspagesos.com\\\/es\\\/agenda\\\/\",\"nextItem\":{\"@type\":\"ListItem\",\"@id\":\"https:\\\/\\\/www.elspagesos.com\\\/es\\\/agenda\\\/jesus-garcia\\\/#listItem\",\"name\":\"JES\\u00daS GARC\\u00cdA\"},\"previousItem\":{\"@type\":\"ListItem\",\"@id\":\"https:\\\/\\\/www.elspagesos.com\\\/es\\\/#listItem\",\"name\":\"Inicio\"}},{\"@type\":\"ListItem\",\"@id\":\"https:\\\/\\\/www.elspagesos.com\\\/es\\\/agenda\\\/jesus-garcia\\\/#listItem\",\"position\":3,\"name\":\"JES\\u00daS GARC\\u00cdA\",\"previousItem\":{\"@type\":\"ListItem\",\"@id\":\"https:\\\/\\\/www.elspagesos.com\\\/es\\\/agenda\\\/#listItem\",\"name\":\"Agenda\"}}]},{\"@type\":\"Organization\",\"@id\":\"https:\\\/\\\/www.elspagesos.com\\\/es\\\/#organization\",\"name\":\"pagesos\",\"url\":\"https:\\\/\\\/www.elspagesos.com\\\/es\\\/\"},{\"@type\":\"WebPage\",\"@id\":\"https:\\\/\\\/www.elspagesos.com\\\/es\\\/agenda\\\/jesus-garcia\\\/#webpage\",\"url\":\"https:\\\/\\\/www.elspagesos.com\\\/es\\\/agenda\\\/jesus-garcia\\\/\",\"name\":\"JES\\u00daS GARC\\u00cdA - Els pagesos\",\"description\":\"Siguiendo con la tradici\\u00f3n, hoy jueves es la noche de los cantautores; y esta noche os presentamos a un jovenc\\u00edsimo cantautor de voz melosa: Jes\\u00fas Garc\\u00eda viene por primera vez a nuestra sala para ofrecernos covers de temas actuales.\",\"inLanguage\":\"es-ES\",\"isPartOf\":{\"@id\":\"https:\\\/\\\/www.elspagesos.com\\\/es\\\/#website\"},\"breadcrumb\":{\"@id\":\"https:\\\/\\\/www.elspagesos.com\\\/es\\\/agenda\\\/jesus-garcia\\\/#breadcrumblist\"},\"image\":{\"@type\":\"ImageObject\",\"url\":\"https:\\\/\\\/www.elspagesos.com\\\/wp-content\\\/uploads\\\/2023\\\/10\\\/flyer_50.jpg\",\"@id\":\"https:\\\/\\\/www.elspagesos.com\\\/es\\\/agenda\\\/jesus-garcia\\\/#mainImage\",\"width\":550,\"height\":275},\"primaryImageOfPage\":{\"@id\":\"https:\\\/\\\/www.elspagesos.com\\\/es\\\/agenda\\\/jesus-garcia\\\/#mainImage\"},\"datePublished\":\"2023-10-09T17:05:25+02:00\",\"dateModified\":\"2023-10-09T17:35:48+02:00\"},{\"@type\":\"WebSite\",\"@id\":\"https:\\\/\\\/www.elspagesos.com\\\/es\\\/#website\",\"url\":\"https:\\\/\\\/www.elspagesos.com\\\/es\\\/\",\"name\":\"pagesos\",\"inLanguage\":\"es-ES\",\"publisher\":{\"@id\":\"https:\\\/\\\/www.elspagesos.com\\\/es\\\/#organization\"}}]}\n\t\t<\/script>\n\t\t<!-- All in One SEO -->\n\n","aioseo_head_json":{"title":"JES\u00daS GARC\u00cdA - Els pagesos","description":"Siguiendo con la tradici\u00f3n, hoy jueves es la noche de los cantautores; y esta noche os presentamos a un jovenc\u00edsimo cantautor de voz melosa: Jes\u00fas Garc\u00eda viene por primera vez a nuestra sala para ofrecernos covers de temas actuales.","canonical_url":"https:\/\/www.elspagesos.com\/es\/agenda\/jesus-garcia\/","robots":"max-image-preview:large","keywords":"","webmasterTools":{"miscellaneous":""},"schema":{"@context":"https:\/\/schema.org","@graph":[{"@type":"BreadcrumbList","@id":"https:\/\/www.elspagesos.com\/es\/agenda\/jesus-garcia\/#breadcrumblist","itemListElement":[{"@type":"ListItem","@id":"https:\/\/www.elspagesos.com\/es\/#listItem","position":1,"name":"Inicio","item":"https:\/\/www.elspagesos.com\/es\/","nextItem":{"@type":"ListItem","@id":"https:\/\/www.elspagesos.com\/es\/agenda\/#listItem","name":"Agenda"}},{"@type":"ListItem","@id":"https:\/\/www.elspagesos.com\/es\/agenda\/#listItem","position":2,"name":"Agenda","item":"https:\/\/www.elspagesos.com\/es\/agenda\/","nextItem":{"@type":"ListItem","@id":"https:\/\/www.elspagesos.com\/es\/agenda\/jesus-garcia\/#listItem","name":"JES\u00daS GARC\u00cdA"},"previousItem":{"@type":"ListItem","@id":"https:\/\/www.elspagesos.com\/es\/#listItem","name":"Inicio"}},{"@type":"ListItem","@id":"https:\/\/www.elspagesos.com\/es\/agenda\/jesus-garcia\/#listItem","position":3,"name":"JES\u00daS GARC\u00cdA","previousItem":{"@type":"ListItem","@id":"https:\/\/www.elspagesos.com\/es\/agenda\/#listItem","name":"Agenda"}}]},{"@type":"Organization","@id":"https:\/\/www.elspagesos.com\/es\/#organization","name":"pagesos","url":"https:\/\/www.elspagesos.com\/es\/"},{"@type":"WebPage","@id":"https:\/\/www.elspagesos.com\/es\/agenda\/jesus-garcia\/#webpage","url":"https:\/\/www.elspagesos.com\/es\/agenda\/jesus-garcia\/","name":"JES\u00daS GARC\u00cdA - Els pagesos","description":"Siguiendo con la tradici\u00f3n, hoy jueves es la noche de los cantautores; y esta noche os presentamos a un jovenc\u00edsimo cantautor de voz melosa: Jes\u00fas Garc\u00eda viene por primera vez a nuestra sala para ofrecernos covers de temas actuales.","inLanguage":"es-ES","isPartOf":{"@id":"https:\/\/www.elspagesos.com\/es\/#website"},"breadcrumb":{"@id":"https:\/\/www.elspagesos.com\/es\/agenda\/jesus-garcia\/#breadcrumblist"},"image":{"@type":"ImageObject","url":"https:\/\/www.elspagesos.com\/wp-content\/uploads\/2023\/10\/flyer_50.jpg","@id":"https:\/\/www.elspagesos.com\/es\/agenda\/jesus-garcia\/#mainImage","width":550,"height":275},"primaryImageOfPage":{"@id":"https:\/\/www.elspagesos.com\/es\/agenda\/jesus-garcia\/#mainImage"},"datePublished":"2023-10-09T17:05:25+02:00","dateModified":"2023-10-09T17:35:48+02:00"},{"@type":"WebSite","@id":"https:\/\/www.elspagesos.com\/es\/#website","url":"https:\/\/www.elspagesos.com\/es\/","name":"pagesos","inLanguage":"es-ES","publisher":{"@id":"https:\/\/www.elspagesos.com\/es\/#organization"}}]},"og:locale":"es_ES","og:site_name":"Els pagesos -","og:type":"article","og:title":"JES\u00daS GARC\u00cdA - Els pagesos","og:description":"Siguiendo con la tradici\u00f3n, hoy jueves es la noche de los cantautores; y esta noche os presentamos a un jovenc\u00edsimo cantautor de voz melosa: Jes\u00fas Garc\u00eda viene por primera vez a nuestra sala para ofrecernos covers de temas actuales.","og:url":"https:\/\/www.elspagesos.com\/es\/agenda\/jesus-garcia\/","article:published_time":"2023-10-09T15:05:25+00:00","article:modified_time":"2023-10-09T15:35:48+00:00","twitter:card":"summary_large_image","twitter:title":"JES\u00daS GARC\u00cdA - Els pagesos","twitter:description":"Siguiendo con la tradici\u00f3n, hoy jueves es la noche de los cantautores; y esta noche os presentamos a un jovenc\u00edsimo cantautor de voz melosa: Jes\u00fas Garc\u00eda viene por primera vez a nuestra sala para ofrecernos covers de temas actuales."},"aioseo_meta_data":{"post_id":"5083","title":null,"description":null,"keywords":[],"keyphrases":{"focus":{"keyphrase":"","score":0,"analysis":{"keyphraseInTitle":{"score":0,"maxScore":9,"error":1}}},"additional":[]},"primary_term":null,"canonical_url":null,"og_title":null,"og_description":null,"og_object_type":"default","og_image_type":"default","og_image_url":null,"og_image_width":null,"og_image_height":null,"og_image_custom_url":null,"og_image_custom_fields":null,"og_video":"","og_custom_url":null,"og_article_section":null,"og_article_tags":[],"twitter_use_og":false,"twitter_card":"default","twitter_image_type":"default","twitter_image_url":null,"twitter_image_custom_url":null,"twitter_image_custom_fields":null,"twitter_title":null,"twitter_description":null,"schema":{"blockGraphs":[],"customGraphs":[],"default":{"data":{"Article":[],"Course":[],"Dataset":[],"FAQPage":[],"Movie":[],"Person":[],"Product":[],"ProductReview":[],"Car":[],"Recipe":[],"Service":[],"SoftwareApplication":[],"WebPage":[]},"graphName":"WebPage","isEnabled":true},"graphs":[]},"schema_type":"default","schema_type_options":null,"pillar_content":false,"robots_default":true,"robots_noindex":false,"robots_noarchive":false,"robots_nosnippet":false,"robots_nofollow":false,"robots_noimageindex":false,"robots_noodp":false,"robots_notranslate":false,"robots_max_snippet":"-1","robots_max_videopreview":"-1","robots_max_imagepreview":"large","priority":null,"frequency":"default","local_seo":null,"breadcrumb_settings":null,"limit_modified_date":false,"ai":null,"created":"2023-10-09 12:33:48","updated":"2025-10-15 00:13:07","seo_analyzer_scan_date":null,"focus_keyword":null,"additional_keywords":null,"truseo_locale":null},"aioseo_breadcrumb":"<div class=\"aioseo-breadcrumbs\"><span class=\"aioseo-breadcrumb\">\n\t\t\t<a href=\"https:\/\/www.elspagesos.com\/es\/\" title=\"Inicio\">Inicio<\/a>\n\t\t<\/span><span class=\"aioseo-breadcrumb-separator\">\u00bb<\/span><span class=\"aioseo-breadcrumb\">\n\t\t\t<a href=\"https:\/\/www.elspagesos.com\/es\/agenda\/\" title=\"Agenda\">Agenda<\/a>\n\t\t<\/span><span class=\"aioseo-breadcrumb-separator\">\u00bb<\/span><span class=\"aioseo-breadcrumb\">\n\t\t\tJES\u00daS GARC\u00cdA\n\t\t<\/span><\/div>","aioseo_breadcrumb_json":[{"label":"Inicio","link":"https:\/\/www.elspagesos.com\/es\/"},{"label":"Agenda","link":"https:\/\/www.elspagesos.com\/es\/agenda\/"},{"label":"JES\u00daS GARC\u00cdA","link":"https:\/\/www.elspagesos.com\/es\/agenda\/jesus-garcia\/"}],"_links":{"self":[{"href":"https:\/\/www.elspagesos.com\/es\/wp-json\/wp\/v2\/event\/5083","targetHints":{"allow":["GET"]}}],"collection":[{"href":"https:\/\/www.elspagesos.com\/es\/wp-json\/wp\/v2\/event"}],"about":[{"href":"https:\/\/www.elspagesos.com\/es\/wp-json\/wp\/v2\/types\/event"}],"version-history":[{"count":2,"href":"https:\/\/www.elspagesos.com\/es\/wp-json\/wp\/v2\/event\/5083\/revisions"}],"predecessor-version":[{"id":6779,"href":"https:\/\/www.elspagesos.com\/es\/wp-json\/wp\/v2\/event\/5083\/revisions\/6779"}],"wp:featuredmedia":[{"embeddable":true,"href":"https:\/\/www.elspagesos.com\/es\/wp-json\/wp\/v2\/media\/2030"}],"wp:attachment":[{"href":"https:\/\/www.elspagesos.com\/es\/wp-json\/wp\/v2\/media?parent=5083"}],"curies":[{"name":"wp","href":"https:\/\/api.w.org\/{rel}","templated":true}]}}

JESÚS GARCÍA

<p><img decoding="async" src="//www.elspagesos.com/wp-content/uploads/2023/10/flyer_50.jpg" alt="JESÃšS GARCÃ�A" /></p>
<div>
<p>Siguiendo con la tradición, hoy jueves es la noche de los cantautores; y esta noche os presentamos a un jovencísimo cantautor de voz melosa: Jesús García viene por primera vez a nuestra sala para ofrecernos covers de temas actuales.</p>
</div>
<p><iframe src="http://www.youtube.com/embed/2l6LUccyaJo" width="552" height="344" frameborder="0" allowfullscreen="allowfullscreen"></iframe></p>

<p>Siguiendo con la tradición, hoy jueves es la noche de los cantautores; y esta noche os presentamos a un jovencísimo cantautor de voz melosa: Jesús García viene por primera vez a nuestra sala para ofrecernos covers de temas actuales.</p>

<!-- All in One SEO 5.0.0.1 - aioseo.com -->
	<meta name="description" content="Siguiendo con la tradición, hoy jueves es la noche de los cantautores; y esta noche os presentamos a un jovencísimo cantautor de voz melosa: Jesús García viene por primera vez a nuestra sala para ofrecernos covers de temas actuales." />
	<meta name="robots" content="max-image-preview:large" />
	<link rel="canonical" href="https://www.elspagesos.com/es/agenda/jesus-garcia/" />
	<meta name="generator" content="All in One SEO (AIOSEO) 5.0.0.1" />
		<meta property="og:locale" content="es_ES" />
		<meta property="og:site_name" content="Els pagesos -" />
		<meta property="og:type" content="article" />
		<meta property="og:title" content="JESÚS GARCÍA - Els pagesos" />
		<meta property="og:description" content="Siguiendo con la tradición, hoy jueves es la noche de los cantautores; y esta noche os presentamos a un jovencísimo cantautor de voz melosa: Jesús García viene por primera vez a nuestra sala para ofrecernos covers de temas actuales." />
		<meta property="og:url" content="https://www.elspagesos.com/es/agenda/jesus-garcia/" />
		<meta property="article:published_time" content="2023-10-09T15:05:25+00:00" />
		<meta property="article:modified_time" content="2023-10-09T15:35:48+00:00" />
		<meta name="twitter:card" content="summary_large_image" />
		<meta name="twitter:title" content="JESÚS GARCÍA - Els pagesos" />
		<meta name="twitter:description" content="Siguiendo con la tradición, hoy jueves es la noche de los cantautores; y esta noche os presentamos a un jovencísimo cantautor de voz melosa: Jesús García viene por primera vez a nuestra sala para ofrecernos covers de temas actuales." />
		<script type="application/ld+json" class="aioseo-schema">
			{"@context":"https:\/\/schema.org","@graph":[{"@type":"BreadcrumbList","@id":"https:\/\/www.elspagesos.com\/es\/agenda\/jesus-garcia\/#breadcrumblist","itemListElement":[{"@type":"ListItem","@id":"https:\/\/www.elspagesos.com\/es\/#listItem","position":1,"name":"Inicio","item":"https:\/\/www.elspagesos.com\/es\/","nextItem":{"@type":"ListItem","@id":"https:\/\/www.elspagesos.com\/es\/agenda\/#listItem","name":"Agenda"}},{"@type":"ListItem","@id":"https:\/\/www.elspagesos.com\/es\/agenda\/#listItem","position":2,"name":"Agenda","item":"https:\/\/www.elspagesos.com\/es\/agenda\/","nextItem":{"@type":"ListItem","@id":"https:\/\/www.elspagesos.com\/es\/agenda\/jesus-garcia\/#listItem","name":"JES\u00daS GARC\u00cdA"},"previousItem":{"@type":"ListItem","@id":"https:\/\/www.elspagesos.com\/es\/#listItem","name":"Inicio"}},{"@type":"ListItem","@id":"https:\/\/www.elspagesos.com\/es\/agenda\/jesus-garcia\/#listItem","position":3,"name":"JES\u00daS GARC\u00cdA","previousItem":{"@type":"ListItem","@id":"https:\/\/www.elspagesos.com\/es\/agenda\/#listItem","name":"Agenda"}}]},{"@type":"Organization","@id":"https:\/\/www.elspagesos.com\/es\/#organization","name":"pagesos","url":"https:\/\/www.elspagesos.com\/es\/"},{"@type":"WebPage","@id":"https:\/\/www.elspagesos.com\/es\/agenda\/jesus-garcia\/#webpage","url":"https:\/\/www.elspagesos.com\/es\/agenda\/jesus-garcia\/","name":"JES\u00daS GARC\u00cdA - Els pagesos","description":"Siguiendo con la tradici\u00f3n, hoy jueves es la noche de los cantautores; y esta noche os presentamos a un jovenc\u00edsimo cantautor de voz melosa: Jes\u00fas Garc\u00eda viene por primera vez a nuestra sala para ofrecernos covers de temas actuales.","inLanguage":"es-ES","isPartOf":{"@id":"https:\/\/www.elspagesos.com\/es\/#website"},"breadcrumb":{"@id":"https:\/\/www.elspagesos.com\/es\/agenda\/jesus-garcia\/#breadcrumblist"},"image":{"@type":"ImageObject","url":"https:\/\/www.elspagesos.com\/wp-content\/uploads\/2023\/10\/flyer_50.jpg","@id":"https:\/\/www.elspagesos.com\/es\/agenda\/jesus-garcia\/#mainImage","width":550,"height":275},"primaryImageOfPage":{"@id":"https:\/\/www.elspagesos.com\/es\/agenda\/jesus-garcia\/#mainImage"},"datePublished":"2023-10-09T17:05:25+02:00","dateModified":"2023-10-09T17:35:48+02:00"},{"@type":"WebSite","@id":"https:\/\/www.elspagesos.com\/es\/#website","url":"https:\/\/www.elspagesos.com\/es\/","name":"pagesos","inLanguage":"es-ES","publisher":{"@id":"https:\/\/www.elspagesos.com\/es\/#organization"}}]}
		</script>
		<!-- All in One SEO -->

JESÚS GARCÍA - Els pagesos

Siguiendo con la tradición, hoy jueves es la noche de los cantautores; y esta noche os presentamos a un jovencísimo cantautor de voz melosa: Jesús García viene por primera vez a nuestra sala para ofrecernos covers de temas actuales.

<div class="aioseo-breadcrumbs"><span class="aioseo-breadcrumb">
			<a href="https://www.elspagesos.com/es/" title="Inicio">Inicio</a>
		</span><span class="aioseo-breadcrumb-separator">»</span><span class="aioseo-breadcrumb">
			<a href="https://www.elspagesos.com/es/agenda/" title="Agenda">Agenda</a>
		</span><span class="aioseo-breadcrumb-separator">»</span><span class="aioseo-breadcrumb">
			JESÚS GARCÍA
		</span></div>
