{"id":11054,"date":"2026-03-11T19:15:07","date_gmt":"2026-03-11T18:15:07","guid":{"rendered":"https:\/\/www.elspagesos.com\/?post_type=event&#038;p=11054"},"modified":"2026-03-11T19:19:14","modified_gmt":"2026-03-11T18:19:14","slug":"sp-2026-alfred-garcia-david-castillo","status":"publish","type":"event","link":"https:\/\/www.elspagesos.com\/es\/agenda\/sp-2026-alfred-garcia-david-castillo\/","title":{"rendered":"SP 2026: ALFRED GARC\u00cdA &#038; DAVID CASTILLO"},"content":{"rendered":"\t\t<div data-elementor-type=\"wp-post\" data-elementor-id=\"11054\" class=\"elementor elementor-11054\" data-elementor-post-type=\"event\">\n\t\t\t\t<div class=\"elementor-element elementor-element-2a04679 e-flex e-con-boxed e-con e-parent\" data-id=\"2a04679\" data-element_type=\"container\" data-e-type=\"container\">\r\n\t\t\t\t\t<div class=\"e-con-inner\">\r\n\t\t<div class=\"elementor-element elementor-element-7132cda e-con-full e-flex e-con e-child\" data-id=\"7132cda\" data-element_type=\"container\" data-e-type=\"container\">\r\n\t\t\t\t<div class=\"elementor-element elementor-element-1577220 elementor-widget elementor-widget-image\" data-id=\"1577220\" data-element_type=\"widget\" data-e-type=\"widget\" data-widget_type=\"image.default\">\n\t\t\t\t<div class=\"elementor-widget-container\">\n\t\t\t\t\t\t\t\t\t\t\t\t\t\t\t<img fetchpriority=\"high\" decoding=\"async\" width=\"724\" height=\"1024\" src=\"https:\/\/www.elspagesos.com\/wp-content\/uploads\/2026\/03\/POSTERS-2026-SP-WEB-alfred-724x1024.jpg\" class=\"attachment-large size-large wp-image-11084\" alt=\"\" srcset=\"https:\/\/www.elspagesos.com\/wp-content\/uploads\/2026\/03\/POSTERS-2026-SP-WEB-alfred-724x1024.jpg 724w, https:\/\/www.elspagesos.com\/wp-content\/uploads\/2026\/03\/POSTERS-2026-SP-WEB-alfred-640x905.jpg 640w, https:\/\/www.elspagesos.com\/wp-content\/uploads\/2026\/03\/POSTERS-2026-SP-WEB-alfred-400x566.jpg 400w\" sizes=\"(max-width: 724px) 100vw, 724px\" \/>\t\t\t\t\t\t\t\t\t\t\t\t\t\t\t<\/div>\n\t\t\t\t<\/div>\n\t\t\t\t<\/div>\n\t\t<div class=\"elementor-element elementor-element-f1eb495 e-con-full e-flex e-con e-child\" data-id=\"f1eb495\" data-element_type=\"container\" data-e-type=\"container\">\r\n\t\t\t\t<div class=\"elementor-element elementor-element-ff5435d elementor-widget elementor-widget-text-editor\" data-id=\"ff5435d\" data-element_type=\"widget\" data-e-type=\"widget\" data-widget_type=\"text-editor.default\">\n\t\t\t\t<div class=\"elementor-widget-container\">\n\t\t\t\t\t\t\t\t\t<p>Arriba la primavera i, amb ella, la Setmana de la Poesia a Sant Feliu de Llobregat. Durant aquests dies, la ciutat s\u2019omple de versos, m\u00fasica i paraules compartides. Un any m\u00e9s, casa nostra s\u2019afegeix al festival acollint diversos actes on la poesia dialoga amb la m\u00fasica, el pensament i l\u2019escenari.<\/p><p><strong>SP 2026: ALFRED GARC\u00cdA &amp; DAVID CASTILLO<\/strong><\/p><p><strong>Dimecres 25.3 \/ 20:00h \/ Di\u00e0leg Po\u00e8tic<\/strong><\/p><p><strong>\u201cDel poema a la can\u00e7\u00f3\u201d \u2014 Alfred Garcia i David Castillo<\/strong><\/p><p>Qu\u00e8 passa quan un poema es transforma en can\u00e7\u00f3? El cantant Alfred Garcia i el poeta i periodista David Castillo comparteixen escenari en un di\u00e0leg obert entre literatura i m\u00fasica. Versos, melodies i conversa per explorar el cam\u00ed que porta de la paraula escrita a la can\u00e7\u00f3.<\/p><p>\u00a0<\/p>\t\t\t\t\t\t\t\t<\/div>\n\t\t\t\t<\/div>\n\t\t\t\t<\/div>\n\t\t<div class=\"elementor-element elementor-element-ad81525 e-con-full e-flex e-con e-child\" data-id=\"ad81525\" data-element_type=\"container\" data-e-type=\"container\">\r\n\t\t\t\t<div class=\"elementor-element elementor-element-c913c68 elementor-widget elementor-widget-video\" data-id=\"c913c68\" data-element_type=\"widget\" data-e-type=\"widget\" data-settings=\"{&quot;youtube_url&quot;:&quot;https:\\\/\\\/www.youtube.com\\\/watch?v=djyVYcCQ9Z8&amp;list=RDdjyVYcCQ9Z8&amp;start_radio=1&quot;,&quot;video_type&quot;:&quot;youtube&quot;,&quot;controls&quot;:&quot;yes&quot;}\" data-widget_type=\"video.default\">\n\t\t\t\t<div class=\"elementor-widget-container\">\n\t\t\t\t\t\t\t<div class=\"elementor-wrapper elementor-open-inline\">\n\t\t\t<div class=\"elementor-video\"><\/div>\t\t<\/div>\n\t\t\t\t\t\t<\/div>\n\t\t\t\t<\/div>\n\t\t\t\t<\/div>\n\t\t\t\t\t<\/div>\n\t\t\t\t<\/div>\n\t\t\t\t<\/div>\n\t\t","protected":false},"excerpt":{"rendered":"<p>Arriba la primavera i, amb ella, la Setmana de la Poesia a Sant Feliu de Llobregat. Durant aquests dies, la ciutat s\u2019omple de versos, m\u00fasica i paraules compartides. Un any m\u00e9s, casa nostra s\u2019afegeix al festival acollint diversos actes on la poesia dialoga amb la m\u00fasica, el pensament i l\u2019escenari. SP 2026: ALFRED GARC\u00cdA &amp; [&hellip;]<\/p>\n","protected":false},"featured_media":11084,"menu_order":0,"template":"","class_list":["post-11054","event","type-event","status-publish","has-post-thumbnail","hentry"],"aioseo_notices":[],"_links":{"self":[{"href":"https:\/\/www.elspagesos.com\/es\/wp-json\/wp\/v2\/event\/11054","targetHints":{"allow":["GET"]}}],"collection":[{"href":"https:\/\/www.elspagesos.com\/es\/wp-json\/wp\/v2\/event"}],"about":[{"href":"https:\/\/www.elspagesos.com\/es\/wp-json\/wp\/v2\/types\/event"}],"version-history":[{"count":4,"href":"https:\/\/www.elspagesos.com\/es\/wp-json\/wp\/v2\/event\/11054\/revisions"}],"predecessor-version":[{"id":11096,"href":"https:\/\/www.elspagesos.com\/es\/wp-json\/wp\/v2\/event\/11054\/revisions\/11096"}],"wp:featuredmedia":[{"embeddable":true,"href":"https:\/\/www.elspagesos.com\/es\/wp-json\/wp\/v2\/media\/11084"}],"wp:attachment":[{"href":"https:\/\/www.elspagesos.com\/es\/wp-json\/wp\/v2\/media?parent=11054"}],"curies":[{"name":"wp","href":"https:\/\/api.w.org\/{rel}","templated":true}]}}

SP 2026: ALFRED GARCÍA &#038; DAVID CASTILLO

<div data-elementor-type="wp-post" data-elementor-id="11054" class="elementor elementor-11054" data-elementor-post-type="event">
				<div class="elementor-element elementor-element-2a04679 e-flex e-con-boxed e-con e-parent" data-id="2a04679" data-element_type="container" data-e-type="container">
					<div class="e-con-inner">
		<div class="elementor-element elementor-element-7132cda e-con-full e-flex e-con e-child" data-id="7132cda" data-element_type="container" data-e-type="container">
				<div class="elementor-element elementor-element-1577220 elementor-widget elementor-widget-image" data-id="1577220" data-element_type="widget" data-e-type="widget" data-widget_type="image.default">
				<div class="elementor-widget-container">
															<img fetchpriority="high" decoding="async" width="724" height="1024" src="https://www.elspagesos.com/wp-content/uploads/2026/03/POSTERS-2026-SP-WEB-alfred-724x1024.jpg" class="attachment-large size-large wp-image-11084" alt="" srcset="https://www.elspagesos.com/wp-content/uploads/2026/03/POSTERS-2026-SP-WEB-alfred-724x1024.jpg 724w, https://www.elspagesos.com/wp-content/uploads/2026/03/POSTERS-2026-SP-WEB-alfred-640x905.jpg 640w, https://www.elspagesos.com/wp-content/uploads/2026/03/POSTERS-2026-SP-WEB-alfred-400x566.jpg 400w" sizes="(max-width: 724px) 100vw, 724px" />															</div>
				</div>
				</div>
		<div class="elementor-element elementor-element-f1eb495 e-con-full e-flex e-con e-child" data-id="f1eb495" data-element_type="container" data-e-type="container">
				<div class="elementor-element elementor-element-ff5435d elementor-widget elementor-widget-text-editor" data-id="ff5435d" data-element_type="widget" data-e-type="widget" data-widget_type="text-editor.default">
				<div class="elementor-widget-container">
									<p>Arriba la primavera i, amb ella, la Setmana de la Poesia a Sant Feliu de Llobregat. Durant aquests dies, la ciutat s’omple de versos, música i paraules compartides. Un any més, casa nostra s’afegeix al festival acollint diversos actes on la poesia dialoga amb la música, el pensament i l’escenari.</p><p><strong>SP 2026: ALFRED GARCÍA &amp; DAVID CASTILLO</strong></p><p><strong>Dimecres 25.3 / 20:00h / Diàleg Poètic</strong></p><p><strong>“Del poema a la cançó” — Alfred Garcia i David Castillo</strong></p><p>Què passa quan un poema es transforma en cançó? El cantant Alfred Garcia i el poeta i periodista David Castillo comparteixen escenari en un diàleg obert entre literatura i música. Versos, melodies i conversa per explorar el camí que porta de la paraula escrita a la cançó.</p><p> </p>								</div>
				</div>
				</div>
		<div class="elementor-element elementor-element-ad81525 e-con-full e-flex e-con e-child" data-id="ad81525" data-element_type="container" data-e-type="container">
				<div class="elementor-element elementor-element-c913c68 elementor-widget elementor-widget-video" data-id="c913c68" data-element_type="widget" data-e-type="widget" data-settings="{&quot;youtube_url&quot;:&quot;https:\/\/www.youtube.com\/watch?v=djyVYcCQ9Z8&amp;list=RDdjyVYcCQ9Z8&amp;start_radio=1&quot;,&quot;video_type&quot;:&quot;youtube&quot;,&quot;controls&quot;:&quot;yes&quot;}" data-widget_type="video.default">
				<div class="elementor-widget-container">
							<div class="elementor-wrapper elementor-open-inline">
			<div class="elementor-video"></div>		</div>
						</div>
				</div>
				</div>
					</div>
				</div>
				</div>

<p>Arriba la primavera i, amb ella, la Setmana de la Poesia a Sant Feliu de Llobregat. Durant aquests dies, la ciutat s’omple de versos, música i paraules compartides. Un any més, casa nostra s’afegeix al festival acollint diversos actes on la poesia dialoga amb la música, el pensament i l’escenari. SP 2026: ALFRED GARCÍA &amp; [&hellip;]</p>
